{"id":2660,"date":"2022-05-25T03:45:58","date_gmt":"2022-05-25T03:45:58","guid":{"rendered":"https:\/\/rna.richnguyen.vn\/?page_id=2660"},"modified":"2022-10-28T04:42:27","modified_gmt":"2022-10-28T04:42:27","slug":"khoa-hoc-nang-cao","status":"publish","type":"page","link":"https:\/\/web.host247.vn\/web068\/khoa-hoc-nang-cao\/","title":{"rendered":"Kh\u00f3a h\u1ecdc n\u00e2ng cao"},"content":{"rendered":"\t\t<div data-elementor-type=\"wp-page\" data-elementor-id=\"2660\" class=\"elementor elementor-2660\">\n\t\t\t\t\t\t\t\t\t<section class=\"elementor-section elementor-top-section elementor-element elementor-element-50913d0 elementor-section-boxed elementor-section-height-default elementor-section-height-default wpr-particle-no wpr-jarallax-no wpr-parallax-no wpr-sticky-section-no\" data-id=\"50913d0\" data-element_type=\"section\">\n\t\t\t\t\t\t<div class=\"elementor-container elementor-column-gap-default\">\n\t\t\t\t\t<div class=\"elementor-column elementor-col-100 elementor-top-column elementor-element elementor-element-6431d9b ot-flex-column-vertical\" data-id=\"6431d9b\" data-element_type=\"column\">\n\t\t\t<div class=\"elementor-widget-wrap elementor-element-populated\">\n\t\t\t\t\t\t\t\t<section class=\"elementor-section elementor-inner-section elementor-element elementor-element-2d79a54 elementor-section-full_width elementor-section-height-default elementor-section-height-default wpr-particle-no wpr-jarallax-no wpr-parallax-no wpr-sticky-section-no\" data-id=\"2d79a54\" data-element_type=\"section\">\n\t\t\t\t\t\t<div class=\"elementor-container elementor-column-gap-default\">\n\t\t\t\t\t<div class=\"elementor-column elementor-col-33 elementor-inner-column elementor-element elementor-element-d6f8efd ot-flex-column-vertical\" data-id=\"d6f8efd\" data-element_type=\"column\">\n\t\t\t<div class=\"elementor-widget-wrap\">\n\t\t\t\t\t\t\t\t\t<\/div>\n\t\t<\/div>\n\t\t\t\t<div class=\"elementor-column elementor-col-33 elementor-inner-column elementor-element elementor-element-403e7f7 ot-flex-column-vertical\" data-id=\"403e7f7\" data-element_type=\"column\">\n\t\t\t<div class=\"elementor-widget-wrap elementor-element-populated\">\n\t\t\t\t\t\t\t\t<div class=\"elementor-element elementor-element-53a4218 elementor-widget elementor-widget-iheading\" data-id=\"53a4218\" data-element_type=\"widget\" data-widget_type=\"iheading.default\">\n\t\t\t\t<div class=\"elementor-widget-container\">\n\t\t\t\t\t<div class=\"ot-heading\">\r\n\t        <span class=\"is_highlight\">KH\u00d3A H\u1eccC N\u00e2ng cao c\u1ee7a RNA<\/span>\t        <h3 class=\"main-head\">RNA cung c\u1ea5p<br> c\u00e1c ki\u1ebfn th\u1ee9c B\u0110S th\u1ef1c chi\u1ebfn<\/h3>\t    <\/div>\r\n\t    \t\t<\/div>\n\t\t\t\t<\/div>\n\t\t\t\t\t<\/div>\n\t\t<\/div>\n\t\t\t\t<div class=\"elementor-column elementor-col-33 elementor-inner-column elementor-element elementor-element-40e4f84 ot-flex-column-vertical\" data-id=\"40e4f84\" data-element_type=\"column\">\n\t\t\t<div class=\"elementor-widget-wrap\">\n\t\t\t\t\t\t\t\t\t<\/div>\n\t\t<\/div>\n\t\t\t\t\t\t\t<\/div>\n\t\t<\/section>\n\t\t\t\t<section class=\"elementor-section elementor-inner-section elementor-element elementor-element-33cde09 elementor-section-full_width elementor-section-height-default elementor-section-height-default wpr-particle-no wpr-jarallax-no wpr-parallax-no wpr-sticky-section-no\" data-id=\"33cde09\" data-element_type=\"section\">\n\t\t\t\t\t\t<div class=\"elementor-container elementor-column-gap-extended\">\n\t\t\t\t\t<div class=\"elementor-column elementor-col-33 elementor-inner-column elementor-element elementor-element-99d507e ot-flex-column-vertical\" data-id=\"99d507e\" data-element_type=\"column\">\n\t\t\t<div class=\"elementor-widget-wrap elementor-element-populated\">\n\t\t\t\t\t\t\t\t<div class=\"elementor-element elementor-element-8bc24d4 elementor-widget elementor-widget-iimage_box\" data-id=\"8bc24d4\" data-element_type=\"widget\" data-widget_type=\"iimage_box.default\">\n\t\t\t\t<div class=\"elementor-widget-container\">\n\t\t\t\r\n\t\t<div class=\"ot-image-box\">\r\n\t\t\t<a href=\"https:\/\/rna.richnguyen.vn\/khoa-hoc-nang-cao\/chien-luoc-dau-co-bds-chuyen-nghiep\/\"><img loading=\"lazy\" decoding=\"async\" width=\"870\" height=\"577\" src=\"https:\/\/web.host247.vn\/web068\/wp-content\/uploads\/2022\/10\/37-KH-online-30.png\" class=\"attachment-full size-full wp-image-5091\" alt=\"Chi\u1ebfn l\u01b0\u1ee3c \u0111\u1ea7u c\u01a1 b\u1ea5t \u0111\u1ed9ng s\u1ea3n chuy\u00ean nghi\u1ec7p\" srcset=\"https:\/\/web.host247.vn\/web068\/wp-content\/uploads\/2022\/10\/37-KH-online-30.png 870w, https:\/\/web.host247.vn\/web068\/wp-content\/uploads\/2022\/10\/37-KH-online-30-300x199.png 300w, https:\/\/web.host247.vn\/web068\/wp-content\/uploads\/2022\/10\/37-KH-online-30-768x509.png 768w\" sizes=\"(max-width: 870px) 100vw, 870px\" \/><\/a>\t\t\t<div class=\"content-box\">\r\n\t\t\t\t<h5 class=\"title-box\"><a href=\"https:\/\/rna.richnguyen.vn\/khoa-hoc-nang-cao\/chien-luoc-dau-co-bds-chuyen-nghiep\/\">Chi\u1ebfn l\u01b0\u1ee3c \u0111\u1ea7u c\u01a1 B\u0110S chuy\u00ean nghi\u1ec7p<\/a><\/h5>\t\t\t\t\t\t\t<\/div>\r\n\t\t\t<a href=\"https:\/\/rna.richnguyen.vn\/khoa-hoc-nang-cao\/chien-luoc-dau-co-bds-chuyen-nghiep\/\" class=\"link-box font-second\"><span>Xem th\u00eam<\/span><i class=\"ot-flaticon-trajectory\"><\/i><\/a>\t    <\/div>\r\n\r\n\t    \t\t<\/div>\n\t\t\t\t<\/div>\n\t\t\t\t\t<\/div>\n\t\t<\/div>\n\t\t\t\t<div class=\"elementor-column elementor-col-33 elementor-inner-column elementor-element elementor-element-beb742d ot-flex-column-vertical\" data-id=\"beb742d\" data-element_type=\"column\">\n\t\t\t<div class=\"elementor-widget-wrap elementor-element-populated\">\n\t\t\t\t\t\t\t\t<div class=\"elementor-element elementor-element-3c860b2 elementor-widget elementor-widget-iimage_box\" data-id=\"3c860b2\" data-element_type=\"widget\" data-widget_type=\"iimage_box.default\">\n\t\t\t\t<div class=\"elementor-widget-container\">\n\t\t\t\r\n\t\t<div class=\"ot-image-box\">\r\n\t\t\t<a href=\"https:\/\/rna.richnguyen.vn\/khoa-hoc-nang-cao\/chien-luoc-dau-co-bds-chuyen-nghiep\/\"><img loading=\"lazy\" decoding=\"async\" width=\"871\" height=\"577\" src=\"https:\/\/web.host247.vn\/web068\/wp-content\/uploads\/2022\/10\/37-KH-online-31.png\" class=\"attachment-full size-full wp-image-5092\" alt=\"Chi\u1ebfn l\u01b0\u1ee3c t\u0103ng tr\u01b0\u1edfng trong \u0111\u1ea7u t\u01b0 B\u0110S\" srcset=\"https:\/\/web.host247.vn\/web068\/wp-content\/uploads\/2022\/10\/37-KH-online-31.png 871w, https:\/\/web.host247.vn\/web068\/wp-content\/uploads\/2022\/10\/37-KH-online-31-300x199.png 300w, https:\/\/web.host247.vn\/web068\/wp-content\/uploads\/2022\/10\/37-KH-online-31-768x509.png 768w\" sizes=\"(max-width: 871px) 100vw, 871px\" \/><\/a>\t\t\t<div class=\"content-box\">\r\n\t\t\t\t<h5 class=\"title-box\"><a href=\"https:\/\/rna.richnguyen.vn\/khoa-hoc-nang-cao\/chien-luoc-dau-co-bds-chuyen-nghiep\/\">Chi\u1ebfn l\u01b0\u1ee3c t\u0103ng tr\u01b0\u1edfng trong \u0111\u1ea7u t\u01b0 B\u0110S<\/a><\/h5>\t\t\t\t\t\t\t<\/div>\r\n\t\t\t<a href=\"https:\/\/rna.richnguyen.vn\/khoa-hoc-nang-cao\/chien-luoc-dau-co-bds-chuyen-nghiep\/\" class=\"link-box font-second\"><span>Xem th\u00eam<\/span><i class=\"ot-flaticon-trajectory\"><\/i><\/a>\t    <\/div>\r\n\r\n\t    \t\t<\/div>\n\t\t\t\t<\/div>\n\t\t\t\t\t<\/div>\n\t\t<\/div>\n\t\t\t\t<div class=\"elementor-column elementor-col-33 elementor-inner-column elementor-element elementor-element-44fef9d elementor-hidden-tablet elementor-hidden-phone ot-flex-column-vertical\" data-id=\"44fef9d\" data-element_type=\"column\">\n\t\t\t<div class=\"elementor-widget-wrap elementor-element-populated\">\n\t\t\t\t\t\t\t\t<div class=\"elementor-element elementor-element-5e5c00d elementor-widget elementor-widget-iimage_box\" data-id=\"5e5c00d\" data-element_type=\"widget\" data-widget_type=\"iimage_box.default\">\n\t\t\t\t<div class=\"elementor-widget-container\">\n\t\t\t\r\n\t\t<div class=\"ot-image-box\">\r\n\t\t\t<a href=\"https:\/\/rna.richnguyen.vn\/khoa-hoc-nang-cao\/bat-dong-san-dong-tien\/\"><img loading=\"lazy\" decoding=\"async\" width=\"871\" height=\"577\" src=\"https:\/\/web.host247.vn\/web068\/wp-content\/uploads\/2022\/10\/37-KH-online-32.png\" class=\"attachment-full size-full wp-image-5093\" alt=\"B\u1ea5t \u0111\u1ed9ng s\u1ea3n d\u00f2ng ti\u1ec1n\" srcset=\"https:\/\/web.host247.vn\/web068\/wp-content\/uploads\/2022\/10\/37-KH-online-32.png 871w, https:\/\/web.host247.vn\/web068\/wp-content\/uploads\/2022\/10\/37-KH-online-32-300x199.png 300w, https:\/\/web.host247.vn\/web068\/wp-content\/uploads\/2022\/10\/37-KH-online-32-768x509.png 768w\" sizes=\"(max-width: 871px) 100vw, 871px\" \/><\/a>\t\t\t<div class=\"content-box\">\r\n\t\t\t\t<h5 class=\"title-box\"><a href=\"https:\/\/rna.richnguyen.vn\/khoa-hoc-nang-cao\/bat-dong-san-dong-tien\/\">B\u1ea5t \u0111\u1ed9ng s\u1ea3n d\u00f2ng ti\u1ec1n<\/a><\/h5>\t\t\t\t\t\t\t<\/div>\r\n\t\t\t<a href=\"https:\/\/rna.richnguyen.vn\/khoa-hoc-nang-cao\/bat-dong-san-dong-tien\/\" class=\"link-box font-second\"><span>Xem th\u00eam<\/span><i class=\"ot-flaticon-trajectory\"><\/i><\/a>\t    <\/div>\r\n\r\n\t    \t\t<\/div>\n\t\t\t\t<\/div>\n\t\t\t\t\t<\/div>\n\t\t<\/div>\n\t\t\t\t\t\t\t<\/div>\n\t\t<\/section>\n\t\t\t\t<section class=\"elementor-section elementor-inner-section elementor-element elementor-element-05a4489 elementor-section-full_width elementor-section-height-default elementor-section-height-default wpr-particle-no wpr-jarallax-no wpr-parallax-no wpr-sticky-section-no\" data-id=\"05a4489\" data-element_type=\"section\">\n\t\t\t\t\t\t<div class=\"elementor-container elementor-column-gap-extended\">\n\t\t\t\t\t<div class=\"elementor-column elementor-col-33 elementor-inner-column elementor-element elementor-element-1225fd6 ot-flex-column-vertical\" data-id=\"1225fd6\" data-element_type=\"column\">\n\t\t\t<div class=\"elementor-widget-wrap elementor-element-populated\">\n\t\t\t\t\t\t\t\t<div class=\"elementor-element elementor-element-3340484 elementor-widget elementor-widget-iimage_box\" data-id=\"3340484\" data-element_type=\"widget\" data-widget_type=\"iimage_box.default\">\n\t\t\t\t<div class=\"elementor-widget-container\">\n\t\t\t\r\n\t\t<div class=\"ot-image-box\">\r\n\t\t\t<a href=\"https:\/\/rna.richnguyen.vn\/khoa-hoc-nang-cao\/phap-ly-chuyen-sau\/\"><img loading=\"lazy\" decoding=\"async\" width=\"871\" height=\"577\" src=\"https:\/\/web.host247.vn\/web068\/wp-content\/uploads\/2022\/10\/37-KH-online-33.png\" class=\"attachment-full size-full wp-image-5094\" alt=\"Ph\u00e1p l\u00fd chuy\u00ean s\u00e2u\" srcset=\"https:\/\/web.host247.vn\/web068\/wp-content\/uploads\/2022\/10\/37-KH-online-33.png 871w, https:\/\/web.host247.vn\/web068\/wp-content\/uploads\/2022\/10\/37-KH-online-33-300x199.png 300w, https:\/\/web.host247.vn\/web068\/wp-content\/uploads\/2022\/10\/37-KH-online-33-768x509.png 768w\" sizes=\"(max-width: 871px) 100vw, 871px\" \/><\/a>\t\t\t<div class=\"content-box\">\r\n\t\t\t\t<h5 class=\"title-box\"><a href=\"https:\/\/rna.richnguyen.vn\/khoa-hoc-nang-cao\/phap-ly-chuyen-sau\/\">Ph\u00e1p l\u00fd chuy\u00ean s\u00e2u<\/a><\/h5>\t\t\t\t\t\t\t<\/div>\r\n\t\t\t<a href=\"https:\/\/rna.richnguyen.vn\/khoa-hoc-nang-cao\/phap-ly-chuyen-sau\/\" class=\"link-box font-second\"><span>Xem th\u00eam<\/span><i class=\"ot-flaticon-trajectory\"><\/i><\/a>\t    <\/div>\r\n\r\n\t    \t\t<\/div>\n\t\t\t\t<\/div>\n\t\t\t\t\t<\/div>\n\t\t<\/div>\n\t\t\t\t<div class=\"elementor-column elementor-col-33 elementor-inner-column elementor-element elementor-element-3ccee23 ot-flex-column-vertical\" data-id=\"3ccee23\" data-element_type=\"column\">\n\t\t\t<div class=\"elementor-widget-wrap elementor-element-populated\">\n\t\t\t\t\t\t\t\t<div class=\"elementor-element elementor-element-4b30ae8 elementor-widget elementor-widget-iimage_box\" data-id=\"4b30ae8\" data-element_type=\"widget\" data-widget_type=\"iimage_box.default\">\n\t\t\t\t<div class=\"elementor-widget-container\">\n\t\t\t\r\n\t\t<div class=\"ot-image-box\">\r\n\t\t\t<a href=\"https:\/\/rna.richnguyen.vn\/khoa-hoc-nang-cao\/phong-thuy-ung-dung\/\"><img loading=\"lazy\" decoding=\"async\" width=\"871\" height=\"577\" src=\"https:\/\/web.host247.vn\/web068\/wp-content\/uploads\/2022\/10\/37-KH-online-34.png\" class=\"attachment-full size-full wp-image-5095\" alt=\"Phong th\u1ee7y \u1ee9ng d\u1ee5ng\" srcset=\"https:\/\/web.host247.vn\/web068\/wp-content\/uploads\/2022\/10\/37-KH-online-34.png 871w, https:\/\/web.host247.vn\/web068\/wp-content\/uploads\/2022\/10\/37-KH-online-34-300x199.png 300w, https:\/\/web.host247.vn\/web068\/wp-content\/uploads\/2022\/10\/37-KH-online-34-768x509.png 768w\" sizes=\"(max-width: 871px) 100vw, 871px\" \/><\/a>\t\t\t<div class=\"content-box\">\r\n\t\t\t\t<h5 class=\"title-box\"><a href=\"https:\/\/rna.richnguyen.vn\/khoa-hoc-nang-cao\/phong-thuy-ung-dung\/\">Phong th\u1ee7y \u1ee9ng d\u1ee5ng<\/a><\/h5>\t\t\t\t\t\t\t<\/div>\r\n\t\t\t<a href=\"https:\/\/rna.richnguyen.vn\/khoa-hoc-nang-cao\/phong-thuy-ung-dung\/\" class=\"link-box font-second\"><span>Xem th\u00eam<\/span><i class=\"ot-flaticon-trajectory\"><\/i><\/a>\t    <\/div>\r\n\r\n\t    \t\t<\/div>\n\t\t\t\t<\/div>\n\t\t\t\t\t<\/div>\n\t\t<\/div>\n\t\t\t\t<div class=\"elementor-column elementor-col-33 elementor-inner-column elementor-element elementor-element-84f031e elementor-hidden-tablet elementor-hidden-phone ot-flex-column-vertical\" data-id=\"84f031e\" data-element_type=\"column\">\n\t\t\t<div class=\"elementor-widget-wrap\">\n\t\t\t\t\t\t\t\t\t<\/div>\n\t\t<\/div>\n\t\t\t\t\t\t\t<\/div>\n\t\t<\/section>\n\t\t\t\t\t<\/div>\n\t\t<\/div>\n\t\t\t\t\t\t\t<\/div>\n\t\t<\/section>\n\t\t\t\t<section class=\"elementor-section elementor-top-section elementor-element elementor-element-da8c1a3 elementor-section-boxed elementor-section-height-default elementor-section-height-default wpr-particle-no wpr-jarallax-no wpr-parallax-no wpr-sticky-section-no\" data-id=\"da8c1a3\" data-element_type=\"section\" data-settings=\"{&quot;background_background&quot;:&quot;classic&quot;}\">\n\t\t\t\t\t\t<div class=\"elementor-container elementor-column-gap-extended\">\n\t\t\t\t\t<div class=\"elementor-column elementor-col-50 elementor-top-column elementor-element elementor-element-e17a0cf ot-flex-column-vertical\" data-id=\"e17a0cf\" data-element_type=\"column\">\n\t\t\t<div class=\"elementor-widget-wrap\">\n\t\t\t\t\t\t\t\t\t<\/div>\n\t\t<\/div>\n\t\t\t\t<div class=\"elementor-column elementor-col-50 elementor-top-column elementor-element elementor-element-46be8a0 ot-flex-column-vertical\" data-id=\"46be8a0\" data-element_type=\"column\">\n\t\t\t<div class=\"elementor-widget-wrap elementor-element-populated\">\n\t\t\t\t\t\t\t\t<div class=\"elementor-element elementor-element-b31309c elementor-widget elementor-widget-iheading\" data-id=\"b31309c\" data-element_type=\"widget\" data-widget_type=\"iheading.default\">\n\t\t\t\t<div class=\"elementor-widget-container\">\n\t\t\t\t\t<div class=\"ot-heading\">\r\n\t        <span class=\"is_highlight\">\u0110\u00fac r\u00fat b\u1edfi Rich Nguyen<\/span>\t        <h3 class=\"main-head\">Nh\u1eefng c\u00e2u ch\u00e2m ng\u00f4n hay v\u1ec1 B\u1ea5t \u0111\u1ed9ng s\u1ea3n<\/h3>\t    <\/div>\r\n\t    \t\t<\/div>\n\t\t\t\t<\/div>\n\t\t\t\t<div class=\"elementor-element elementor-element-1cb8d1d dots-vertical elementor-widget elementor-widget-itestimonials2\" data-id=\"1cb8d1d\" data-element_type=\"widget\" data-widget_type=\"itestimonials2.default\">\n\t\t\t\t<div class=\"elementor-widget-container\">\n\t\t\t\r\n\t\t<div class=\"ot-testimonials ot-testimonials-carousel-2\" data-loop=\"yes\" data-auto=\"true\" data-time=\"7000\" data-arrows=\"false\" data-dots=\"true\">\r\n\t\t\t<div class=\"owl-carousel owl-theme\">\r\n\t\t\t\t\t\t\t\t<div class=\"testi-item\">\r\n\t\t\t\t\t\t\t\t\t\t<div class=\"ttext\">B\u1ea0N KH\u00d4NG THI\u1ebeU TI\u1ec0N, B\u1ea0N CH\u1ec8 THI\u1ebeU KH\u1ea2 N\u0102NG KI\u1ebeM TI\u1ec0N<\/div>\t\t\t\r\n\t\t\t\t\t<div class=\"t-head\">\r\n\t\t\t\t\t\t<div class=\"tinfo\">\r\n\t\t\t\t\t\t\t<h6>Rich Nguyen<\/h6>\t\t\t\t\t\t\t<span>Gi\u00e1m \u0111\u1ed1c RNA<\/span>\t\t\t\t\t\t<\/div>\r\n\t\t\t\t\t<\/div>\r\n\t\t\t\t<\/div>\r\n\t\t\t\t\t\t\t<\/div>\t\t\t\t\r\n\t    <\/div>\r\n\r\n\t    \t\t<\/div>\n\t\t\t\t<\/div>\n\t\t\t\t\t<\/div>\n\t\t<\/div>\n\t\t\t\t\t\t\t<\/div>\n\t\t<\/section>\n\t\t\t\t<section class=\"elementor-section elementor-top-section elementor-element elementor-element-1ce3e2f elementor-section-boxed elementor-section-height-default elementor-section-height-default wpr-particle-no wpr-jarallax-no wpr-parallax-no wpr-sticky-section-no\" data-id=\"1ce3e2f\" data-element_type=\"section\" data-settings=\"{&quot;background_background&quot;:&quot;classic&quot;}\">\n\t\t\t\t\t\t<div class=\"elementor-container elementor-column-gap-default\">\n\t\t\t\t\t<div class=\"elementor-column elementor-col-100 elementor-top-column elementor-element elementor-element-fe015a4 ot-flex-column-vertical\" data-id=\"fe015a4\" data-element_type=\"column\">\n\t\t\t<div class=\"elementor-widget-wrap\">\n\t\t\t\t\t\t\t\t\t<\/div>\n\t\t<\/div>\n\t\t\t\t\t\t\t<\/div>\n\t\t<\/section>\n\t\t\t\t\t\t\t<\/div>\n\t\t","protected":false},"excerpt":{"rendered":"<p>KH\u00d3A H\u1eccC N\u00e2ng cao c\u1ee7a RNA RNA cung c\u1ea5p c\u00e1c ki\u1ebfn th\u1ee9c B\u0110S th\u1ef1c chi\u1ebfn Chi\u1ebfn l\u01b0\u1ee3c \u0111\u1ea7u c\u01a1 B\u0110S chuy\u00ean nghi\u1ec7p Xem th\u00eam Chi\u1ebfn l\u01b0\u1ee3c t\u0103ng tr\u01b0\u1edfng trong \u0111\u1ea7u t\u01b0 B\u0110S Xem th\u00eam B\u1ea5t \u0111\u1ed9ng s\u1ea3n d\u00f2ng ti\u1ec1n Xem th\u00eam Ph\u00e1p l\u00fd chuy\u00ean s\u00e2u Xem th\u00eam Phong th\u1ee7y \u1ee9ng d\u1ee5ng Xem th\u00eam \u0110\u00fac r\u00fat [&hellip;]<\/p>\n","protected":false},"author":1,"featured_media":0,"parent":0,"menu_order":0,"comment_status":"closed","ping_status":"closed","template":"","meta":{"footnotes":""},"_links":{"self":[{"href":"https:\/\/web.host247.vn\/web068\/wp-json\/wp\/v2\/pages\/2660"}],"collection":[{"href":"https:\/\/web.host247.vn\/web068\/wp-json\/wp\/v2\/pages"}],"about":[{"href":"https:\/\/web.host247.vn\/web068\/wp-json\/wp\/v2\/types\/page"}],"author":[{"embeddable":true,"href":"https:\/\/web.host247.vn\/web068\/wp-json\/wp\/v2\/users\/1"}],"replies":[{"embeddable":true,"href":"https:\/\/web.host247.vn\/web068\/wp-json\/wp\/v2\/comments?post=2660"}],"version-history":[{"count":20,"href":"https:\/\/web.host247.vn\/web068\/wp-json\/wp\/v2\/pages\/2660\/revisions"}],"predecessor-version":[{"id":5101,"href":"https:\/\/web.host247.vn\/web068\/wp-json\/wp\/v2\/pages\/2660\/revisions\/5101"}],"wp:attachment":[{"href":"https:\/\/web.host247.vn\/web068\/wp-json\/wp\/v2\/media?parent=2660"}],"curies":[{"name":"wp","href":"https:\/\/api.w.org\/{rel}","templated":true}]}}