{"id":390,"date":"2024-11-17T22:45:56","date_gmt":"2024-11-17T15:45:56","guid":{"rendered":"https:\/\/web.host247.vn\/web027\/?post_type=product&#038;p=390"},"modified":"2024-11-17T22:45:56","modified_gmt":"2024-11-17T15:45:56","slug":"bep-dien-tu-doi-cao-cap-ih-2018","status":"publish","type":"product","link":"https:\/\/web.host247.vn\/web027\/san-pham\/bep-dien-tu-doi-cao-cap-ih-2018\/","title":{"rendered":"B\u1ebfp \u0111i\u1ec7n t\u1eeb \u0111\u00f4i cao c\u1ea5p IH-2018"},"content":{"rendered":"<p>K\u00cdNH KANGER, 730*430MM<\/p>\n<p>KHUNG \u0110\u00c1NH B\u00d3NG<\/p>\n<p>\u0110\u1ea0T TI\u00caU CHU\u1ea8N EMC<\/p>\n<p>\u0110I\u1ec0U KHI\u1ec2N THANH TR\u01af\u1ee2T C\u1ea2M \u1ee8NG<\/p>\n<p>C\u00d4NG NGH\u1ec6 N\u1eecA C\u1ea6U<\/p>\n<p>KH\u00d3A TR\u1eba EM<\/p>\n<p>H\u1eb8N GI\u1edc<\/p>\n<p>R\u00c3 \u0110\u00d4NG<\/p>\n<p>GI\u1eee \u1ea4M<\/p>\n<p>T\u1ea0M D\u1eeaNG<\/p>\n<p>9 M\u1ee8C C\u00d4NG SU\u1ea4T<\/p>\n<p>T\u1ef0 \u0110\u1ed8NG NG\u1eaeT KHI KH\u00d4NG S\u1eec D\u1ee4NG<\/p>\n<p>\u0110\u00c8N B\u00c1O NHI\u1ec6T D\u01af<\/p>\n<p>AN TO\u00c0N \u0110I\u1ec6N KHI QU\u00c1 NHI\u1ec6T<\/p>\n<p>T\u1ef0 \u0110\u1ed8NG PH\u00c1T HI\u1ec6N N\u1ed2I<\/p>\n<p>B\u1ea2O V\u1ec6 IGBT<\/p>\n<p>CH\u1ed0NG TR\u00c0N<\/p>\n","protected":false},"excerpt":{"rendered":"<p>C\u00d4NG SU\u1ea4T 3600W<\/p>\n<p>\u0110I\u1ec6N \u00c1P 220-240V, 50-60HZ<\/p>\n","protected":false},"featured_media":391,"comment_status":"open","ping_status":"closed","template":"","meta":[],"product_cat":[37],"product_tag":[],"class_list":{"0":"post-390","1":"product","2":"type-product","3":"status-publish","4":"has-post-thumbnail","6":"product_cat-bep-tu-doi","7":"product_brand-sukai","9":"first","10":"instock","11":"sale","12":"shipping-taxable","13":"purchasable","14":"product-type-simple","15":"fm-hide-badges"},"_links":{"self":[{"href":"https:\/\/web.host247.vn\/web027\/wp-json\/wp\/v2\/product\/390","targetHints":{"allow":["GET"]}}],"collection":[{"href":"https:\/\/web.host247.vn\/web027\/wp-json\/wp\/v2\/product"}],"about":[{"href":"https:\/\/web.host247.vn\/web027\/wp-json\/wp\/v2\/types\/product"}],"replies":[{"embeddable":true,"href":"https:\/\/web.host247.vn\/web027\/wp-json\/wp\/v2\/comments?post=390"}],"wp:featuredmedia":[{"embeddable":true,"href":"https:\/\/web.host247.vn\/web027\/wp-json\/wp\/v2\/media\/391"}],"wp:attachment":[{"href":"https:\/\/web.host247.vn\/web027\/wp-json\/wp\/v2\/media?parent=390"}],"wp:term":[{"taxonomy":"product_cat","embeddable":true,"href":"https:\/\/web.host247.vn\/web027\/wp-json\/wp\/v2\/product_cat?post=390"},{"taxonomy":"product_tag","embeddable":true,"href":"https:\/\/web.host247.vn\/web027\/wp-json\/wp\/v2\/product_tag?post=390"}],"curies":[{"name":"wp","href":"https:\/\/api.w.org\/{rel}","templated":true}]}}