{"id":341,"date":"2024-11-11T13:16:52","date_gmt":"2024-11-11T06:16:52","guid":{"rendered":"https:\/\/web.host247.vn\/web027\/?post_type=product&#038;p=341"},"modified":"2024-11-11T13:16:53","modified_gmt":"2024-11-11T06:16:53","slug":"am-sieu-toc-sukai-tp-sk3369","status":"publish","type":"product","link":"https:\/\/web.host247.vn\/web027\/san-pham\/am-sieu-toc-sukai-tp-sk3369\/","title":{"rendered":"\u1ea4m si\u00eau t\u1ed1c Sukai: TP-SK3369"},"content":{"rendered":"<h3>Thi\u1ebft k\u1ebf ch\u00e2n \u0111\u1ebf xoay 360 \u0111\u1ed9<\/h3>\n<p><strong>B\u00ecnh \u0110un Si\u00eau T\u1ed1c Sukai TP-SK3369<\/strong>\u00a0l\u00e0 d\u1ee5ng c\u1ee5 gia d\u1ee5ng c\u1ea7n thi\u1ebft gi\u00fap ti\u1ebft ki\u1ec7m th\u1eddi gian \u0111un n\u01b0\u1edbc, ph\u1ee5c v\u1ee5 \u0111a d\u1ea1ng c\u00e1c nhu c\u1ea7u sinh ho\u1ea1t c\u1ee7a c\u00e1c gia \u0111\u00ecnh. B\u00ecnh s\u1edf h\u1eefu ch\u00e2n \u0111\u1ebf xoay 360\u00b0 n\u00ean thu\u1eadn ti\u1ec7n khi s\u1eed d\u1ee5ng v\u1edbi dung t\u00edch 2.0\u00a0l\u00edt \u0111\u1ee7 l\u1edbn \u0111\u1ec3 b\u1ea1n c\u00f3 th\u1ec3 pha ch\u1ebf ho\u1eb7c \u0111un s\u00f4i n\u01b0\u1edbc, ph\u1ee5c v\u1ee5 s\u1eed d\u1ee5ng cho c\u00f4ng vi\u1ec7c n\u1ed9i tr\u1ee3. Ch\u1ec9 c\u1ea7n 3 ph\u00fat l\u00e0 b\u1ea1n c\u00f3 ngay 2.0\u00a0l\u00edt n\u01b0\u1edbc \u0111un s\u00f4i, r\u1ea5t ti\u1ec7n l\u1ee3i, an to\u00e0n cho s\u1ee9c kh\u1ecfe.<\/p>\n<h3>Th\u00e2n \u1ea5m 2 l\u1edbp th\u00e9p kh\u00f4ng g\u1ec9 cao c\u1ea5p<\/h3>\n<p>Th\u00e2n \u1ea5m \u0111\u01b0\u1ee3c thi\u1ebft k\u1ebf v\u1edbi 2 l\u1edbp th\u00e9p kh\u00f4ng g\u1ec9, \u0111\u1eb7c bi\u1ec7t l\u1edbp b\u00ean trong \u0111\u01b0\u1ee3c l\u00e0m b\u1eb1ng th\u00e9p kh\u00f4ng g\u1ec9 304 b\u1ec1n v\u00e0 \u0111\u1ea3m b\u1ea3o an to\u00e0n cho s\u1ee9c kh\u1ecfe khi kh\u00f4ng ph\u1ea3n \u1ee9ng h\u00f3a h\u1ecdc d\u00f9 \u1edf nhi\u1ec7t \u0111\u1ed9 cao. V\u00e0 trang b\u1ecb m\u00e2m nhi\u1ec7t ph\u1eb3ng (ch\u1ed1ng b\u00e1m c\u1eb7n) \u0111\u01b0\u1ee3c l\u00e0m b\u1eb1ng th\u00e9p kh\u00f4ng g\u1ec9 304 gi\u00fap \u0111un s\u00f4i si\u00eau t\u1ed1c. Ngo\u00e0i ra, s\u1ea3n ph\u1ea9m c\u00f2n s\u1eed d\u1ee5ng b\u1ed9 \u0111i\u1ec1u khi\u1ec3n cao c\u1ea5p Strix (Anh) gi\u00fap n\u00e2ng cao hi\u1ec7u qu\u1ea3 n\u1ea5u v\u00e0 tu\u1ed5i th\u1ecd c\u1ee7a \u1ea5m \u0111un.<\/p>\n<h3>\u0110i\u1ec1u khi\u1ec3n cao c\u1ea5p Strix<\/h3>\n<p>\u0110\u1eb7c bi\u1ec7t, b\u00ecnh c\u00f3 kh\u1ea3 n\u0103ng t\u1ef1 \u0111\u1ed9ng ng\u1eaft \u0111i\u1ec7n khi n\u01b0\u1edbc s\u00f4i v\u00e0 khi \u1ea5m c\u1ea1n n\u01b0\u1edbc,\u00a0\u0111\u1ea3m b\u1ea3o an to\u00e0n cho \u1ea5m v\u00e0 ng\u01b0\u1eddi s\u1eed d\u1ee5ng. C\u00f9ng v\u1edbi c\u00f4ng su\u1ea5t ho\u1ea1t \u0111\u1ed9ng m\u1ea1nh m\u1ebd l\u00ean \u0111\u1ebfn 1500W s\u1ebd gi\u00fap b\u1ea1n \u0111un s\u00f4i n\u01b0\u1edbc nhanh ch\u00f3ng h\u01a1n. Th\u1eddi gian \u0111\u01b0\u1ee3c r\u00fat ng\u1eafn mang l\u1ea1i hi\u1ec7u su\u1ea5t cao khi \u0111un, ti\u1ebft ki\u1ec7m \u0111i\u1ec7n do kh\u00f4ng b\u1ecb suy hao ngu\u1ed3n \u0111i\u1ec7n n\u0103ng khi \u0111un n\u1ea5u.<\/p>\n","protected":false},"excerpt":{"rendered":"<table>\n<tbody>\n<tr>\n<td>Dung t\u00edch<\/td>\n<td>2.0L<\/td>\n<\/tr>\n<tr>\n<td>C\u00f4ng su\u1ea5t<\/td>\n<td>1500W<\/td>\n<\/tr>\n<\/tbody>\n<\/table>\n","protected":false},"featured_media":342,"comment_status":"open","ping_status":"closed","template":"","meta":[],"product_cat":[42],"product_tag":[],"class_list":{"0":"post-341","1":"product","2":"type-product","3":"status-publish","4":"has-post-thumbnail","6":"product_cat-am-dun","7":"product_brand-sukai","9":"first","10":"instock","11":"sale","12":"shipping-taxable","13":"purchasable","14":"product-type-simple","15":"fm-hide-badges"},"_links":{"self":[{"href":"https:\/\/web.host247.vn\/web027\/wp-json\/wp\/v2\/product\/341","targetHints":{"allow":["GET"]}}],"collection":[{"href":"https:\/\/web.host247.vn\/web027\/wp-json\/wp\/v2\/product"}],"about":[{"href":"https:\/\/web.host247.vn\/web027\/wp-json\/wp\/v2\/types\/product"}],"replies":[{"embeddable":true,"href":"https:\/\/web.host247.vn\/web027\/wp-json\/wp\/v2\/comments?post=341"}],"wp:featuredmedia":[{"embeddable":true,"href":"https:\/\/web.host247.vn\/web027\/wp-json\/wp\/v2\/media\/342"}],"wp:attachment":[{"href":"https:\/\/web.host247.vn\/web027\/wp-json\/wp\/v2\/media?parent=341"}],"wp:term":[{"taxonomy":"product_cat","embeddable":true,"href":"https:\/\/web.host247.vn\/web027\/wp-json\/wp\/v2\/product_cat?post=341"},{"taxonomy":"product_tag","embeddable":true,"href":"https:\/\/web.host247.vn\/web027\/wp-json\/wp\/v2\/product_tag?post=341"}],"curies":[{"name":"wp","href":"https:\/\/api.w.org\/{rel}","templated":true}]}}